= -3*p + 3*l - 3. Calculate i(p).
1
Let f(g) = 2*g**2 - 27. Suppose 5*u + 0 = 2*y - 22, 0 = 5*u + 3*y + 17. Determine f(u).
5
Let i(x) = -12 - 15 - 13 - 57*x + 50*x + 37. Give i(-2).
11
Suppose -2 = -j - 0. Let l(w) be the second derivative of 13*w**3/6 - 10*w**2 - 152*w. Let k be l(j). Let g(b) = b. Determine g(k).
6
Let o be (-2)/5*3690/2706 + 142/(-22). Let t(n) = 4*n + 45. Calculate t(o).
17
Let p(i) be the second derivative of -i**3/6 - 3*i**2 + 2*i. Suppose 4*o = 0, -7*o + 2*o - 24 = -m. Suppose 6*f - m = -54. Calculate p(f).
-1
Let p(n) = 7*n - 3 + 1 - 14*n - n**2 + 1. Let y be 115/(-15) + 4/6. Give p(y).
-1
Let f(b) = 3*b - 13. Let g be ((-2616)/(-6) - -9)/1. Let c = g - 440. Calculate f(c).
2
Let v = -6325 + 6325. Let p(i) = -i - 78. What is p(v)?
-78
Let g(q) = 18*q**3 + 2*q**2 - 1. Suppose -3*t - 2*t = h - 137, -125 = -h - t. Let z = -123 + h. Calculate g(z).
-17
Let f(q) = 2*q**3 + 5*q**2 + q**3 - 4*q**3 + 4 - q. Suppose 475 - 463 = 3*r. Suppose -2*d = r*n - 16, 10*n + d + 27 = 15*n. Determine f(n).
-1
Suppose -4*q - 2*p - 7 = p, 12 = -4*q - 4*p. Let s(m) = -9*m**3 - 12*m**3 + 7*m - 6*m**q + 20*m**3. Give s(-7).
0
Suppose 2*z - 5*c + 21 = 0, -44*z - 43*c + 273 = -48*z. Let s(l) = 27*l - 193. Give s(z).
-4
Let y(p) = 2*p**3 - 79*p**2 + 184*p + 44. Let b be (-4 - (-1 - 1) - 5) + (29 - -15). Calculate y(b).
7
Let h = 15 - 21. Let q(u) = -20*u + 2*u**2 + 13884 - 3*u**2 + 15*u - 13879. Calculate q(h).
-1
Let x(j) = 29*j**3 + 35*j**2 - 81*j + 75. Let s(t) = -16*t**3 - 17*t**2 + 40*t - 38. Let z(c) = 9*s(c) + 5*x(c). Calculate z(-24).
-39
Let h = -410 + 399. Let s(y) = 4*y - 11*y**2 + 219*y**3 - 3*y - 220*y**3 + 1. What is s(h)?
-10
Let v(h) = h - 16. Let o = -3832 - -3842. What is v(o)?
-6
Let h(p) = -2*p**2 - 23*p - 40. Let b be h(-8). Let x(r) = -r**3 + 16*r**2 + 4*r - 18. Give x(b).
46
Suppose 189*q - 196*q = -245. Suppose -5*o = 50 - q. Let i(y) = 2*y**2 - 6. Give i(o).
12
Suppose 3*x = -3*i + 27, -15 = -i + 7*x - 2*x. Let o(s) be the first derivative of s**2 - 11*s - 27. Let y be o(i). Let l(r) = -r**2 + 7*r + 7. Give l(y).
-11
Let x(o) be the second derivative of o**4/12 + o**3 - 4*o**2 - 26*o. Let q(w) = 3*w**3 + 30*w**2 - 2*w - 28. Let n be q(-10). Calculate x(n).
8
Let g(a) = -a**3 + a**2 + 9*a - 5. Let u be (-3129)/(-1341) - (0 - (-4)/(-6)). Give g(u).
4
Let s(v) be the second derivative of -v**5/60 - 2*v**4/3 - 43*v**3/6 - 8*v + 5. Let f(m) be the second derivative of s(m). Calculate f(-8).
0
Let u be (18 - -34)*(-2)/(-4). Let y(i) = -u*i - i**2 + 17 - 20*i + 34*i. Determine y(-13).
4
Let q(l) be the third derivative of -3*l**4/8 + 22*l**3/3 - 5*l**2 - 168*l. What is q(10)?
-46
Let x(f) = 9*f. Let m(c) = c - 3. Let u(n) = -2*m(n) + x(n). What is u(-5)?
-29
Let o(y) = -3*y + 9. Let n(w) = -w**3 - 16*w**2 + 5*w + 101. Let l be n(-16). Suppose -6*s = -8*s - 2, 0 = 4*i - s - l. Determine o(i).
-6
Suppose 481*v = 483*v - 4. Let u(k) = -222 + 2*k + 447 + k**v - 227. Give u(4).
22
Let v(d) be the third derivative of d**6/120 - d**5/60 - d**4/24 + 4*d**3/3 - 1119*d**2. Determine v(0).
8
Suppose 2*q = q - 3. Let j(b) = -b**2 + 8*b - 4. Let x(s) = 2*s**2 - 17*s + 9. Let k(m) = q*x(m) - 5*j(m). Let r = -6 - -16. Give k(r).
3
Suppose -3*m + 8*m - 25 = 0. Let z(l) = -1 + 40*l + 62*l - l**2 - 96*l. Give z(m).
4
Suppose -548*y + 2*p + 6 = -549*y, y + 4*p + 2 = 0. Let g(a) = -a**2 + a - 1. Let k(q) = -7*q**2 - 3*q - 1. Let v(l) = 6*g(l) - k(l). Calculate v(y).
5
Let m(o) be the third derivative of -o**5/60 + 11*o**4/24 + 15*o**3/2 - 593*o**2 + 2*o. What is m(14)?
3
Let g(r) = r - 7. Let b be (-14 - -19)/(2/6). Suppose 2*i = i + b. Suppose 15 = 5*f - i. Give g(f).
-1
Let d(f) = 2*f**2 + 9*f - 1. Let o be 41/(-10) - (-7)/70. Calculate d(o).
-5
Let n = 14894 - 14892. Let w(g) = -4*g**2 + 10*g - 3. Give w(n).
1
Let a(q) be the first derivative of -q**4/24 - 3*q**3/2 - q**2 + 19*q - 22. Let k(h) be the second derivative of a(h). Give k(0).
-9
Let k = 383 + -300. Let r(j) = 45 - k + 40 - 3*j + j**2. Determine r(3).
2
Suppose -9*j + 12*j = 39. Let o = j - 11. Let h(d) = 8 - 10*d - 14*d**o + 2 + 15*d**2. Calculate h(9).
1
Let s(m) = -9 - 610*m + 1220*m - 609*m. Determine s(3).
-6
Let z(d) be the second derivative of d**8/6720 + d**6/360 + d**5/120 + 323*d**4/12 + d**2 - 345*d. Let h(i) be the third derivative of z(i). What is h(-1)?
-2
Let z be (-37 - 1)/((-18)/(-27)). Let q = -25 - z. Suppose -23*j - q = -19*j. Let r(v) = -v**2 - 9*v + 9. What is r(j)?
17
Suppose -37*a - 17 + 59 = -180. Let i(t) = t - 4. Calculate i(a).
2
Let y(s) = s**3 + 8*s**2 + 13*s + 28. Suppose 35*q - 41*q = 42. What is y(q)?
-14
Let c(l) be the third derivative of l**4/8 + 55*l**3/6 + 3*l**2. Let w be c(-19). Let v(r) = r**2 + 2*r - 2. What is v(w)?
-2
Let s(x) = 78 - 104 + 4*x + 0*x + 3*x. Let h be s(4). Suppose -2*z - h*l = -4, z = 6*z + l - 18. Let p(t) = 3*t - 5. Calculate p(z).
7
Let o be 0/2 + (15 - 22). Let y(j) = -31. Let x(q) = -q + 63. Let w(m) = 4*x(m) + 9*y(m). Let f be w(o). Let s(i) = -2*i**2 + i. What is s(f)?
-1
Let n(g) = -618*g**2 + 114*g + 105. Let t(p) = 247*p**2 - 57*p - 53. Let m(h) = -2*n(h) - 5*t(h). Calculate m(-56).
-1
Let f(q) = 4*q**2 - 11*q - 10. Let t(a) = -a**2 + 2*a + 2. Let i(g) = -g. Let k be i(2). Let m(v) = k*f(v) - 11*t(v). What is m(2)?
10
Suppose 0 = 350*s - 359*s + 54. Let p(g) = -2*g**2 - 3 + 2 + 6 + 8*g. Give p(s).
-19
Suppose 4*w - 16 = -2*s - 0, 0 = 4*w - 16. Let o(d) be the third derivative of d**6/120 + d**5/60 - d**4/24 + 4*d**3 + 484*d**2. What is o(s)?
24
Let j(g) be the third derivative of -1/3*g**3 - 1/12*g**4 + 2*g**2 + 0 - 101*g. Let t(l) = l**3 + 10*l**2 + 8*l - 11. Let n be t(-9). Calculate j(n).
2
Let s(c) be the second derivative of c**4/12 + 7*c**3/6 + c**2/2 - c. Let j = -33903 + 33896. Determine s(j).
1
Let v(h) be the second derivative of h**3 - 2*h**2 + 82*h + 1. Let u(d) = -2*d + 29. Let a be u(13). What is v(a)?
14
Suppose -2*z = 20 - 36. Let c be 1*(-9)/4*(4 - z). Let u(x) = -x + 10. Calculate u(c).
1
Let z(s) = -s**2 - 3*s + 7. Suppose -2*q - 3*o + 936 = 0, -11*q - 5*o + 2330 = -6*q. Let y = q - 468. What is z(y)?
-11
Suppose 45*g + 46 + 17 = -27. Let v(h) = h**3 - 8*h - 16. Calculate v(g).
-8
Let o(u) = -12*u - 10. Let a = 2393 - 2395. Determine o(a).
14
Let y = 3756 + -3750. Let f(m) = -18*m + 18. What is f(y)?
-90
Let t(y) = 3892*y - 113 - 3890*y + 230 - 115. Let h be (-1)/(-4) - 90/8. Give t(h).
-20
Let n(r) = 25*r**2 - 224*r - 9. Let m(i) = i**2 + 56*i + 2. Let o(c) = 4*m(c) + n(c). Give o(-2).
115
Let i(t) = 0 + 2 + 3*t + 1. Let w = -1087 - -566. Let z = -526 - w. What is i(z)?
-12
Let h(b) = -2*b + 3*b + 15 + b**2 - 3. Let i(t) = -2*t + 14. Let v be i(6). Let c be ((-25)/(-10) + v + -4)*0. What is h(c)?
12
Let g(k) = -7*k + 6. Let o(w) = 51*w - 41. Let t(u) = -6*g(u) - o(u). Give t(2).
-13
Let g(k) be the second derivative of k**4/12 - 7*k**3/6 - k**2 - 27*k. Let o = 56 + -22. Let w = o - 28. Determine g(w).
-8
Let i(l) = 7*l - 374 + 18*l**2 + 20*l**2 - 39*l**2 + 385. What is i(5)?
21
Let f(y) = -2*y**2 + y + 2. Let b be -3 + (27 - 2) + -28 + 23. Suppose -22*a = -b*a - 10. What is f(a)?
-4
Let k(j) = j**3 - 3*j**2 - 9*j - 6. Let a(p) = p**3 + 15*p**2 - 40*p - 98. Let d be a(-17). Calculate k(d).
-26
Let z(b) be the second derivative of -b**5/20 - 11*b**4/4 + 6*b**3 + 15*b**2/2 + 1622*b + 1. What is z(-34)?
-53
Let l(v) = -v**2 + 16*v + 19. Let w(z) = -3*z**2 + 31*z + 60. Let a be w(12). Suppose a = -32*h - 0*h + 544. What is l(h)?
2
Let j(f) = -f - 44. Let a be (33/(-12) - (-78)/26)*0. What is j(a)?
-44
Let k be (10 - -1) + (7 - 6). Let u(g) = 7*g + k*g + 7 - 16*g. Let y be 4/(-14) - 66/14. What is u(y)?
-8
Suppose -2*i - 3 = 5*k + 154, 4*i = 2*k + 82. Let z(p) = -p**2 - 32*p + 23. Calculate z(k).
-10
Let j(b) be the second derivative of -b**5/120 + b**4/6 + 157*b**3/6 - 131*b. Let c(m) be the second derivative of j(m). What is c(6)?
-2
Let m = 218206 - 218214. Let g(x) = 7 - 3*x + 4*x + x**3 + 5*x**2 + 3*x**2. Determine g(m).
-1
Let t be 222/(-148) - 30/4. Let p(d) = -d**3 - 12*d**2 - 27*d + 7. What is p(t)?
7
Let x(i) = -i**2 - 5*i. Let n be 12*(-12)/(-8)*1. Suppose -5*r + 0*j - 2*j = 18, 0 = 4*r - 2*j + n. Determine x(r).
4
Let g(h) = 11*h + 1. Let v be g(-1). Let f(y) = -y + 99 + 101 + 104 - 421